{"id":9019,"date":"2026-02-26T18:00:16","date_gmt":"2026-02-26T18:00:16","guid":{"rendered":"https:\/\/bgixoye.com\/?page_id=9019"},"modified":"2026-04-06T22:45:51","modified_gmt":"2026-04-06T22:45:51","slug":"26contacto","status":"publish","type":"page","link":"https:\/\/bgixoye.com\/eng\/26contacto\/","title":{"rendered":"2026 Contacto"},"content":{"rendered":"<div data-elementor-type=\"wp-page\" data-elementor-id=\"9019\" class=\"elementor elementor-9019\">\n\t\t\t\t\t\t\t\t\t<section class=\"elementor-section elementor-top-section elementor-element elementor-element-bf1415f elementor-section-full_width elementor-section-height-default elementor-section-height-default wpr-particle-no wpr-jarallax-no wpr-parallax-no wpr-sticky-section-no\" data-id=\"bf1415f\" data-element_type=\"section\" data-settings=\"{&quot;background_background&quot;:&quot;classic&quot;}\">\n\t\t\t\t\t\t\t<div class=\"elementor-background-overlay\"><\/div>\n\t\t\t\t\t\t\t<div class=\"elementor-container elementor-column-gap-default\">\n\t\t\t\t\t<div class=\"elementor-column elementor-col-50 elementor-top-column elementor-element elementor-element-ada2c3e\" data-id=\"ada2c3e\" data-element_type=\"column\">\n\t\t\t<div class=\"elementor-widget-wrap elementor-element-populated\">\n\t\t\t\t\t\t\t\t<div class=\"elementor-element elementor-element-ffe28af elementor-view-default elementor-widget elementor-widget-icon\" data-id=\"ffe28af\" data-element_type=\"widget\" data-widget_type=\"icon.default\">\n\t\t\t\t<div class=\"elementor-widget-container\">\n\t\t\t\t\t<div class=\"elementor-icon-wrapper\">\n\t\t\t<div class=\"elementor-icon\">\n\t\t\t<i aria-hidden=\"true\" class=\"icon icon-placeholder\"><\/i>\t\t\t<\/div>\n\t\t<\/div>\n\t\t\t\t<\/div>\n\t\t\t\t<\/div>\n\t\t\t\t<div class=\"elementor-element elementor-element-e7ca6a8 elementor-widget elementor-widget-heading\" data-id=\"e7ca6a8\" data-element_type=\"widget\" data-widget_type=\"heading.default\">\n\t\t\t\t<div class=\"elementor-widget-container\">\n\t\t\t<style>\/*! elementor - v3.7.8 - 02-10-2022 *\/\n.elementor-heading-title{padding:0;margin:0;line-height:1}.elementor-widget-heading .elementor-heading-title[class*=elementor-size-]>a{color:inherit;font-size:inherit;line-height:inherit}.elementor-widget-heading .elementor-heading-title.elementor-size-small{font-size:15px}.elementor-widget-heading .elementor-heading-title.elementor-size-medium{font-size:19px}.elementor-widget-heading .elementor-heading-title.elementor-size-large{font-size:29px}.elementor-widget-heading .elementor-heading-title.elementor-size-xl{font-size:39px}.elementor-widget-heading .elementor-heading-title.elementor-size-xxl{font-size:59px}<\/style><h4 class=\"elementor-heading-title elementor-size-default\">Address<\/h4>\t\t<\/div>\n\t\t\t\t<\/div>\n\t\t\t\t<div class=\"elementor-element elementor-element-1dd294a elementor-widget elementor-widget-text-editor\" data-id=\"1dd294a\" data-element_type=\"widget\" data-widget_type=\"text-editor.default\">\n\t\t\t\t<div class=\"elementor-widget-container\">\n\t\t\t<style>\/*! elementor - v3.7.8 - 02-10-2022 *\/\n.elementor-widget-text-editor.elementor-drop-cap-view-stacked .elementor-drop-cap{background-color:#818a91;color:#fff}.elementor-widget-text-editor.elementor-drop-cap-view-framed .elementor-drop-cap{color:#818a91;border:3px solid;background-color:transparent}.elementor-widget-text-editor:not(.elementor-drop-cap-view-default) .elementor-drop-cap{margin-top:8px}.elementor-widget-text-editor:not(.elementor-drop-cap-view-default) .elementor-drop-cap-letter{width:1em;height:1em}.elementor-widget-text-editor .elementor-drop-cap{float:left;text-align:center;line-height:1;font-size:50px}.elementor-widget-text-editor .elementor-drop-cap-letter{display:inline-block}<\/style>\t\t\t\t<p>Heriberto Fr\u00edas 1141<br \/>Col. del Valle Centro<br \/>Benito Ju\u00e1rez, 03100 <br \/>Ciudad de M\u00e9xico, CDMX<\/p>\t\t\t\t\t\t<\/div>\n\t\t\t\t<\/div>\n\t\t\t\t\t<\/div>\n\t\t<\/div>\n\t\t\t\t<div class=\"elementor-column elementor-col-50 elementor-top-column elementor-element elementor-element-66cd3a9\" data-id=\"66cd3a9\" data-element_type=\"column\" data-settings=\"{&quot;background_background&quot;:&quot;classic&quot;}\">\n\t\t\t<div class=\"elementor-widget-wrap elementor-element-populated\">\n\t\t\t\t\t\t\t\t<div class=\"elementor-element elementor-element-c63fda0 elementor-widget elementor-widget-heading\" data-id=\"c63fda0\" data-element_type=\"widget\" data-widget_type=\"heading.default\">\n\t\t\t\t<div class=\"elementor-widget-container\">\n\t\t\t<h2 class=\"elementor-heading-title elementor-size-default\">Send us a message<\/h2>\t\t<\/div>\n\t\t\t\t<\/div>\n\t\t\t\t<div class=\"elementor-element elementor-element-84ad550 elementor-widget__width-initial elementor-widget elementor-widget-elementskit-contact-form7\" data-id=\"84ad550\" data-element_type=\"widget\" data-widget_type=\"elementskit-contact-form7.default\">\n\t\t\t\t<div class=\"elementor-widget-container\">\n\t\t\t<div class=\"ekit-wid-con\" ><div class=\"ekit-form\"><div class=\"wpcf7 no-js\" id=\"wpcf7-f4972-o1\" lang=\"en-US\" dir=\"ltr\">\n<div class=\"screen-reader-response\"><p role=\"status\" aria-live=\"polite\" aria-atomic=\"true\"><\/p> <ul><\/ul><\/div>\n<form action=\"\/eng\/wp-json\/wp\/v2\/pages\/9019#wpcf7-f4972-o1\" method=\"post\" class=\"wpcf7-form init\" aria-label=\"Contact form\" novalidate=\"novalidate\" data-status=\"init\" data-trp-original-action=\"\/eng\/wp-json\/wp\/v2\/pages\/9019#wpcf7-f4972-o1\">\n<div style=\"display: none;\">\n<input type=\"hidden\" name=\"_wpcf7\" value=\"4972\" \/>\n<input type=\"hidden\" name=\"_wpcf7_version\" value=\"5.7.2\" \/>\n<input type=\"hidden\" name=\"_wpcf7_locale\" value=\"en_US\" \/>\n<input type=\"hidden\" name=\"_wpcf7_unit_tag\" value=\"wpcf7-f4972-o1\" \/>\n<input type=\"hidden\" name=\"_wpcf7_container_post\" value=\"0\" \/>\n<input type=\"hidden\" name=\"_wpcf7_posted_data_hash\" value=\"\" \/>\n<\/div>\n<p><label> Complete name<br \/>\n<span class=\"wpcf7-form-control-wrap\" data-name=\"your-name\"><input size=\"40\" class=\"wpcf7-form-control wpcf7-text wpcf7-validates-as-required\" aria-required=\"true\" aria-invalid=\"false\" value=\"\" type=\"text\" name=\"your-name\" \/><\/span> <\/label>\n<\/p>\n<p><label> E-mail<br \/>\n<span class=\"wpcf7-form-control-wrap\" data-name=\"your-email\"><input size=\"40\" class=\"wpcf7-form-control wpcf7-text wpcf7-email wpcf7-validates-as-required wpcf7-validates-as-email\" aria-required=\"true\" aria-invalid=\"false\" value=\"\" type=\"email\" name=\"your-email\" \/><\/span> <\/label>\n<\/p>\n<p><label> Phone number<br \/>\n<span class=\"wpcf7-form-control-wrap\" data-name=\"Tel\"><input size=\"40\" class=\"wpcf7-form-control wpcf7-text wpcf7-tel wpcf7-validates-as-required wpcf7-validates-as-tel\" aria-required=\"true\" aria-invalid=\"false\" value=\"\" type=\"tel\" name=\"Tel\" \/><\/span> <\/label>\n<\/p>\n<p><label> Subject<br \/>\n<span class=\"wpcf7-form-control-wrap\" data-name=\"your-subject\"><input size=\"40\" class=\"wpcf7-form-control wpcf7-text wpcf7-validates-as-required\" aria-required=\"true\" aria-invalid=\"false\" value=\"\" type=\"text\" name=\"your-subject\" \/><\/span> <\/label>\n<\/p>\n<p><label> Tell us how we can help you<br \/>\n<span class=\"wpcf7-form-control-wrap\" data-name=\"your-message\"><textarea cols=\"40\" rows=\"10\" class=\"wpcf7-form-control wpcf7-textarea wpcf7-validates-as-required\" aria-required=\"true\" aria-invalid=\"false\" name=\"your-message\"><\/textarea><\/span> <\/label>\n<\/p>\n<p><span class=\"wpcf7-form-control-wrap\" data-name=\"acceptance-335\"><span class=\"wpcf7-form-control wpcf7-acceptance\"><span class=\"wpcf7-list-item\"><input type=\"checkbox\" name=\"acceptance-335\" value=\"1\" aria-invalid=\"false\" \/><\/span><\/span><\/span>\n<\/p>\n<p style=\"color: white; font-weight: bold;\">Al enviar este formulario, aceptas nuestro <a href=\"https:\/\/bgixoye.com\/eng\/aviso-privacidad-2026\/\" target=\"_blank\"> Aviso de Privacidad.<\/a>\n<\/p>\n<p><label> <\/label><br \/>\n<input class=\"wpcf7-form-control has-spinner wpcf7-submit\" type=\"submit\" value=\"Send\" \/>\n<\/p><p style=\"display: none !important;\"><label>&#916;<textarea name=\"_wpcf7_ak_hp_textarea\" cols=\"45\" rows=\"8\" maxlength=\"100\"><\/textarea><\/label><input type=\"hidden\" id=\"ak_js_1\" name=\"_wpcf7_ak_js\" value=\"231\"\/><script>document.getElementById( \"ak_js_1\" ).setAttribute( \"value\", ( new Date() ).getTime() );<\/script><\/p><div class=\"wpcf7-response-output\" aria-hidden=\"true\"><\/div><input type=\"hidden\" name=\"trp-form-language\" value=\"eng\"\/><\/form><\/div><\/div><\/div>\t\t<\/div>\n\t\t\t\t<\/div>\n\t\t\t\t\t<\/div>\n\t\t<\/div>\n\t\t\t\t\t\t\t<\/div>\n\t\t<\/section>\n\t\t<div class=\"elementor-element elementor-element-29a6668 e-container--column e-container\" data-id=\"29a6668\" data-element_type=\"container\">\t\t\t\t<div class=\"elementor-element elementor-element-c94292f elementor-widget__width-inherit elementor-widget elementor-widget-google_maps\" data-id=\"c94292f\" data-element_type=\"widget\" data-widget_type=\"google_maps.default\">\n\t\t\t\t<div class=\"elementor-widget-container\">\n\t\t\t<style>\/*! elementor - v3.7.8 - 02-10-2022 *\/\n.elementor-widget-google_maps .elementor-widget-container{overflow:hidden}.elementor-widget-google_maps iframe{height:300px}<\/style>\t\t<div class=\"elementor-custom-embed\">\n\t\t\t<iframe frameborder=\"0\" scrolling=\"no\" marginheight=\"0\" marginwidth=\"0\"\n\t\t\t\t\tsrc=\"https:\/\/maps.google.com\/maps?q=Ixoye%20Business%20Group%2C%20Heriberto%20Fr%C3%ADas%2C%20Colonia%20del%20Valle%20Centro%2C%20Ciudad%20de%20M%C3%A9xico%2C%20CDMX&#038;t=m&#038;z=17&#038;output=embed&#038;iwloc=near\"\n\t\t\t\t\ttitle=\"Ixoye Business Group, Heriberto Fr\u00edas, Colonia del Valle Centro, Ciudad de M\u00e9xico, CDMX\"\n\t\t\t\t\taria-label=\"Ixoye Business Group, Heriberto Fr\u00edas, Colonia del Valle Centro, Ciudad de M\u00e9xico, CDMX\"\n\t\t\t><\/iframe>\n\t\t<\/div>\n\t\t\t\t<\/div>\n\t\t\t\t<\/div>\n\t\t<\/div>\t\t\t\t\t<\/div>","protected":false},"excerpt":{"rendered":"<p>Direcci\u00f3n Heriberto Fr\u00edas 1141Col. del Valle CentroBenito Ju\u00e1rez, 03100 Ciudad de M\u00e9xico, CDMX Env\u00edanos un mensaje Nombre completo Correo electr\u00f3nico N\u00famero de tel\u00e9fono Asunto Cu\u00e9ntanos c\u00f3mo podemos ayudarte: Al enviar este formulario, aceptas nuestro Aviso de Privacidad. &#916;<\/p>","protected":false},"author":1,"featured_media":0,"parent":0,"menu_order":0,"comment_status":"closed","ping_status":"closed","template":"page-templates\/template-pagebuilder-full-width.php","meta":{"footnotes":""},"yoast_head":"<!-- This site is optimized with the Yoast SEO plugin v20.0 - https:\/\/yoast.com\/wordpress\/plugins\/seo\/ -->\n<title>2026 Contacto - IXOYE<\/title>\n<meta name=\"robots\" content=\"index, follow, max-snippet:-1, max-image-preview:large, max-video-preview:-1\" \/>\n<link rel=\"canonical\" href=\"https:\/\/bgixoye.com\/eng\/26contacto\/\" \/>\n<meta property=\"og:locale\" content=\"en_US\" \/>\n<meta property=\"og:type\" content=\"article\" \/>\n<meta property=\"og:title\" content=\"2026 Contacto - IXOYE\" \/>\n<meta property=\"og:description\" content=\"Direcci\u00f3n Heriberto Fr\u00edas 1141Col. del Valle CentroBenito Ju\u00e1rez, 03100 Ciudad de M\u00e9xico, CDMX Env\u00edanos un mensaje Nombre completo Correo electr\u00f3nico N\u00famero de tel\u00e9fono Asunto Cu\u00e9ntanos c\u00f3mo podemos ayudarte: Al enviar este formulario, aceptas nuestro Aviso de Privacidad. &#916;\" \/>\n<meta property=\"og:url\" content=\"https:\/\/bgixoye.com\/eng\/26contacto\/\" \/>\n<meta property=\"og:site_name\" content=\"IXOYE\" \/>\n<meta property=\"article:modified_time\" content=\"2026-04-06T22:45:51+00:00\" \/>\n<meta name=\"twitter:card\" content=\"summary_large_image\" \/>\n<meta name=\"twitter:label1\" content=\"Est. reading time\" \/>\n\t<meta name=\"twitter:data1\" content=\"1 minute\" \/>\n<script type=\"application\/ld+json\" class=\"yoast-schema-graph\">{\"@context\":\"https:\/\/schema.org\",\"@graph\":[{\"@type\":\"WebPage\",\"@id\":\"https:\/\/bgixoye.com\/26contacto\/\",\"url\":\"https:\/\/bgixoye.com\/26contacto\/\",\"name\":\"2026 Contacto - IXOYE\",\"isPartOf\":{\"@id\":\"https:\/\/bgixoye.com\/#website\"},\"datePublished\":\"2026-02-26T18:00:16+00:00\",\"dateModified\":\"2026-04-06T22:45:51+00:00\",\"breadcrumb\":{\"@id\":\"https:\/\/bgixoye.com\/26contacto\/#breadcrumb\"},\"inLanguage\":\"en-US\",\"potentialAction\":[{\"@type\":\"ReadAction\",\"target\":[\"https:\/\/bgixoye.com\/26contacto\/\"]}]},{\"@type\":\"BreadcrumbList\",\"@id\":\"https:\/\/bgixoye.com\/26contacto\/#breadcrumb\",\"itemListElement\":[{\"@type\":\"ListItem\",\"position\":1,\"name\":\"Home\",\"item\":\"https:\/\/bgixoye.com\/\"},{\"@type\":\"ListItem\",\"position\":2,\"name\":\"2026 Contacto\"}]},{\"@type\":\"WebSite\",\"@id\":\"https:\/\/bgixoye.com\/#website\",\"url\":\"https:\/\/bgixoye.com\/\",\"name\":\"IXOYE\",\"description\":\"\",\"publisher\":{\"@id\":\"https:\/\/bgixoye.com\/#organization\"},\"potentialAction\":[{\"@type\":\"SearchAction\",\"target\":{\"@type\":\"EntryPoint\",\"urlTemplate\":\"https:\/\/bgixoye.com\/?s={search_term_string}\"},\"query-input\":\"required name=search_term_string\"}],\"inLanguage\":\"en-US\"},{\"@type\":\"Organization\",\"@id\":\"https:\/\/bgixoye.com\/#organization\",\"name\":\"IXOYE\",\"url\":\"https:\/\/bgixoye.com\/\",\"logo\":{\"@type\":\"ImageObject\",\"inLanguage\":\"en-US\",\"@id\":\"https:\/\/bgixoye.com\/#\/schema\/logo\/image\/\",\"url\":\"https:\/\/bgixoye.com\/wp-content\/uploads\/2022\/10\/ixoye.png?wsr\",\"contentUrl\":\"https:\/\/bgixoye.com\/wp-content\/uploads\/2022\/10\/ixoye.png?wsr\",\"width\":160,\"height\":71,\"caption\":\"IXOYE\"},\"image\":{\"@id\":\"https:\/\/bgixoye.com\/#\/schema\/logo\/image\/\"}}]}<\/script>\n<!-- \/ Yoast SEO plugin. -->","yoast_head_json":{"title":"2026 Contacto - IXOYE","robots":{"index":"index","follow":"follow","max-snippet":"max-snippet:-1","max-image-preview":"max-image-preview:large","max-video-preview":"max-video-preview:-1"},"canonical":"https:\/\/bgixoye.com\/eng\/26contacto\/","og_locale":"en_US","og_type":"article","og_title":"2026 Contacto - IXOYE","og_description":"Direcci\u00f3n Heriberto Fr\u00edas 1141Col. del Valle CentroBenito Ju\u00e1rez, 03100 Ciudad de M\u00e9xico, CDMX Env\u00edanos un mensaje Nombre completo Correo electr\u00f3nico N\u00famero de tel\u00e9fono Asunto Cu\u00e9ntanos c\u00f3mo podemos ayudarte: Al enviar este formulario, aceptas nuestro Aviso de Privacidad. &#916;","og_url":"https:\/\/bgixoye.com\/eng\/26contacto\/","og_site_name":"IXOYE","article_modified_time":"2026-04-06T22:45:51+00:00","twitter_card":"summary_large_image","twitter_misc":{"Est. reading time":"1 minute"},"schema":{"@context":"https:\/\/schema.org","@graph":[{"@type":"WebPage","@id":"https:\/\/bgixoye.com\/26contacto\/","url":"https:\/\/bgixoye.com\/26contacto\/","name":"2026 Contacto - IXOYE","isPartOf":{"@id":"https:\/\/bgixoye.com\/#website"},"datePublished":"2026-02-26T18:00:16+00:00","dateModified":"2026-04-06T22:45:51+00:00","breadcrumb":{"@id":"https:\/\/bgixoye.com\/26contacto\/#breadcrumb"},"inLanguage":"en-US","potentialAction":[{"@type":"ReadAction","target":["https:\/\/bgixoye.com\/26contacto\/"]}]},{"@type":"BreadcrumbList","@id":"https:\/\/bgixoye.com\/26contacto\/#breadcrumb","itemListElement":[{"@type":"ListItem","position":1,"name":"Home","item":"https:\/\/bgixoye.com\/"},{"@type":"ListItem","position":2,"name":"2026 Contacto"}]},{"@type":"WebSite","@id":"https:\/\/bgixoye.com\/#website","url":"https:\/\/bgixoye.com\/","name":"IXOYE","description":"","publisher":{"@id":"https:\/\/bgixoye.com\/#organization"},"potentialAction":[{"@type":"SearchAction","target":{"@type":"EntryPoint","urlTemplate":"https:\/\/bgixoye.com\/?s={search_term_string}"},"query-input":"required name=search_term_string"}],"inLanguage":"en-US"},{"@type":"Organization","@id":"https:\/\/bgixoye.com\/#organization","name":"IXOYE","url":"https:\/\/bgixoye.com\/","logo":{"@type":"ImageObject","inLanguage":"en-US","@id":"https:\/\/bgixoye.com\/#\/schema\/logo\/image\/","url":"https:\/\/bgixoye.com\/wp-content\/uploads\/2022\/10\/ixoye.png?wsr","contentUrl":"https:\/\/bgixoye.com\/wp-content\/uploads\/2022\/10\/ixoye.png?wsr","width":160,"height":71,"caption":"IXOYE"},"image":{"@id":"https:\/\/bgixoye.com\/#\/schema\/logo\/image\/"}}]}},"_links":{"self":[{"href":"https:\/\/bgixoye.com\/eng\/wp-json\/wp\/v2\/pages\/9019"}],"collection":[{"href":"https:\/\/bgixoye.com\/eng\/wp-json\/wp\/v2\/pages"}],"about":[{"href":"https:\/\/bgixoye.com\/eng\/wp-json\/wp\/v2\/types\/page"}],"author":[{"embeddable":true,"href":"https:\/\/bgixoye.com\/eng\/wp-json\/wp\/v2\/users\/1"}],"replies":[{"embeddable":true,"href":"https:\/\/bgixoye.com\/eng\/wp-json\/wp\/v2\/comments?post=9019"}],"version-history":[{"count":55,"href":"https:\/\/bgixoye.com\/eng\/wp-json\/wp\/v2\/pages\/9019\/revisions"}],"predecessor-version":[{"id":10013,"href":"https:\/\/bgixoye.com\/eng\/wp-json\/wp\/v2\/pages\/9019\/revisions\/10013"}],"wp:attachment":[{"href":"https:\/\/bgixoye.com\/eng\/wp-json\/wp\/v2\/media?parent=9019"}],"curies":[{"name":"wp","href":"https:\/\/api.w.org\/{rel}","templated":true}]}}